ose -3*u + 18*z + 8791 = 16*z, a*u + 5*z = 14610. Is u composite?
False
Let o(t) = t**2 + 4. Let q be o(0). Suppose 4*d - 22 = -2*k, -d - k + q = -4. Is 9/d*4/12*1471 a prime number?
True
Let k = -14194 - -22175. Is k composite?
True
Suppose 6*d = -4*q + 4*d - 14, -7 = -4*q + 5*d. Is 43/q*((-24)/4 + -152) a prime number?
False
Suppose -34*m - 159 = -31*m. Let u = -4 + m. Is u/(-6)*(3 - 1) composite?
False
Suppose -a = -2*c - 124535, -28*a + c = -25*a - 373605. Is a a prime number?
False
Suppose -12*k + 30*k = -12*k + 1736970. Is k a prime number?
True
Suppose -22*y = -130 - 46. Suppose y*w - 31*w + 60674 = 0. Is w a composite number?
True
Suppose 4*u - 5 = -4*s - 57, -u = -2*s + 4. Let g(m) = 4*m**2 - 4*m - 21. Is g(u) composite?
False
Let y = 4684 - 1871. Is y a prime number?
False
Let z(f) = f**3 + 166*f**2 - 955*f - 545. Is z(-127) a composite number?
True
Let s(b) = b - 3*b + 2*b**2 + 2*b**2 - 13 - 3*b**2. Let k be s(5). Suppose 4*t = -5*u + 3577, 3*t = u - k*t - 727. Is u composite?
True
Suppose 13*b - 18*b - 66 = -o, 4*b + 4*o = -48. Let p(j) be the second derivative of -j**5/10 - 25*j**4/12 - 7*j**3/3 + j**2 + 3*j. Is p(b) a prime number?
True
Suppose 0 = -5*c + 7*c + 10. Let f be (54/(-90))/((-1)/c). Is 20/f*(-6576)/64 prime?
False
Suppose 23*b = -0*b + 148787. Let j = b + -1088. Is j a prime number?
True
Suppose -5*t + 47*j + 170615 = 45*j, j - 68246 = -2*t. Is t composite?
False
Let y(k) = -k**3 + 23*k**2 - 25*k + 14. Let d be y(15). Suppose 5*q - h = 6761, 2*q - 3*h - d = 1268. Suppose -i = -q - 2291. Is i a composite number?
False
Let x = 28 - 16. Let z be (-95 - -95)/(6/(2*-1)). Suppose 7*b - x*b + 235 = z. Is b composite?
False
Suppose 38*y - 952388 = 34*y. Is y a composite number?
True
Let y be 4/(-12) - 133/(-21). Let v be 10/(-4) + (-17)/(-34). Is -1*1471*v/(y - 4) composite?
False
Let s be (94/30 - 3) + (-68267)/15. Let o = s + 6478. Is o a composite number?
True
Let q = 118 + -124. Let w be (10/6)/(q/((-648)/30)). Suppose 0 = -t + 13 - w. Is t a prime number?
True
Is (-401588)/(-14) - -7*(-3)/(-147) prime?
False
Let j(h) = -6344*h - 1315. Is j(-12) composite?
True
Suppose 12*n - 18 = 3*n. Suppose 335 = 5*p - o, n*p - 4*o - 83 - 51 = 0. Is p prime?
True
Let y be (-4)/(40/(-42)) - 6/30. Suppose -7 = -o + y*c - 0*c, -4*o + c + 13 = 0. Suppose 17 = o*r - 5*h, 3*h = 4*r - 5*r + 29. Is r prime?
False
Let m = -91322 - -186913. Is m a prime number?
False
Suppose -5*c + 184723 = -3*n, 15*c = 16*c + n - 36951. Is c a composite number?
False
Let c = 440240 + -294209. Is c a prime number?
False
Suppose -21*c = -27*c + 6. Is 8/(40/11075)*c/5 prime?
True
Suppose 0 = -3*v - 5*a + 30, -7*v + 4*a = -3*v - 8. Suppose -9*d + 6*d + 9555 = 4*y, v*d + 2*y = 15911. Is d a prime number?
True
Suppose -8*d + 18 = -2*d. Suppose -12 = -4*t, 0 = -v - d*v + 3*t - 17. Is -127*(-2)/(-4)*v prime?
True
Is (1232783 - 2)/3 + (2 - 0) composite?
False
Suppose 3*s + 96538 = 4*p, 0 = -p - 3*s + 9462 + 14665. Is p prime?
True
Suppose 24*v - 22*v - 4*l - 25744 = 0, l = -3*v + 38602. Let b = 22251 - v. Is b a prime number?
False
Let o = -8533 - -4593. Let s = -1781 - o. Is s prime?
False
Let b be 2*((-1)/5 + 1566/180). Suppose -24*o + b*o + 7301 = 0. Is o a composite number?
True
Let y(f) = 3*f - 4. Let q be y(2). Suppose -2*z - 41 + 3 = -q*p, 4*z = 2*p - 84. Let h(c) = -11*c. Is h(z) prime?
False
Suppose -3*g - 18 = 4*k, k + 0*k = -4*g - 11. Let a be g + -1 + 1 + 29. Suppose 2*z - a = 1351. Is z prime?
False
Let c = 60921 - 8962. Is c a prime number?
False
Let y(m) = 44*m**3 - 5*m**2 + 3*m - 1. Let r(z) = -z**3 - 24*z**2 - 2*z - 45. Let u be r(-24). Is y(u) a prime number?
True
Let l(o) = -5*o - 18. Let x be 4/6 + 294/(-63). Let q be l(x). Suppose -8 = 4*n, q*v = v + 5*n + 897. Is v prime?
True
Let j(x) = -3*x**2 - 17*x - 3. Let s(l) = -2*l + 7*l**2 - 1 - 6*l**2 + 3*l. Let n(i) = -j(i) - 2*s(i). Is n(-21) composite?
False
Suppose -4040643 - 479943 = -38*r + 2014730. Is r a prime number?
False
Let l(h) = h**2 - 8*h - 83. Let y be l(-6). Is (3/((-9)/(-27519)))/y prime?
True
Suppose 0*g + 1 = -g - 4*k, 0 = 4*g + 2*k + 4. Let a be (2/g)/(19/(-19)). Suppose -a*t + 1223 + 4415 = 0. Is t composite?
False
Let k(d) = -8242*d - 1815. Is k(-37) a prime number?
True
Let t(h) = -15*h**3 - 2*h**2 - 6*h + 3. Suppose 10 + 5 = 5*r. Suppose -r*s - 14 = -2. Is t(s) a prime number?
False
Let s = -6826 + 4549. Let d = s + 20743. Is (3 - 0)/(42/d) composite?
False
Let v = 43440 - -18833. Is v prime?
True
Let m = 405318 + -190019. Is m a prime number?
False
Let k(p) be the first derivative of 24*p**2 - 9*p + 236. Is k(10) prime?
False
Let l(d) = -d**2 - 20*d - 38. Let h be l(-18). Let n be (h/(-4)*541)/((-1)/(-8)). Let o = 681 + n. Is o a prime number?
False
Let h(t) = -204*t + 17 - 122*t + 2*t. Is h(-5) composite?
False
Let z(c) = -4193*c**2 - 43*c + 4179*c**2 + 0*c - 1 - 171*c**3. Is z(-3) prime?
False
Let o be (-4)/18 - 17/((-459)/330). Is 18/o*(-7530)/(-9) prime?
False
Let d(c) = 8*c**2 + 292*c - 27. Let m = 46 + -95. Is d(m) a composite number?
True
Suppose 24 = -23*k + 116. Suppose 4*n = 2*u + 4370 + 3166, -7528 = -k*n - 2*u. Is n a prime number?
False
Let q = -981184 + 1500761. Is q a composite number?
False
Let g(c) be the second derivative of 0 - 2*c**2 + 1/4*c**4 - 13*c - 1/6*c**3 - 23/20*c**5. Is g(-2) a prime number?
False
Let a be (9 + -36)*(-2)/(-2). Suppose -122 = -2*p - 26. Let k = a + p. Is k a composite number?
True
Let h be (24/20)/(4/210). Let d = -62 + h. Is d - 2937/(-2) - 2/4 a prime number?
False
Let l(h) = h**2 - 8*h + 12. Let x be (9/27)/(3/63). Let r be l(x). Suppose -w = -2*p + 136, r*w = w - 8. Is p prime?
True
Let z(l) = -6529*l - 185. Is z(-6) a prime number?
False
Let j(p) = 286*p**2 + 9*p + 33. Let v be j(-4). Suppose 6*k - v = 4181. Is k a composite number?
False
Suppose -270*m - 326*m = -111677884. Is m prime?
True
Suppose -159810 = -5*q - 3*b, 3*q = 5*b + 10794 + 85092. Suppose -40*a = -46*a + q. Is a a composite number?
True
Let v be 21*4/8*-6 - 4. Let j = -60 - v. Let n(z) = 56*z + 17. Is n(j) a prime number?
True
Let z(c) = -c**3 + c**2. Let p be z(0). Suppose 0 = i - p*i. Suppose i = 33*m - 32*m - 127. Is m a composite number?
False
Let k(t) = 671*t + 49. Let o be k(4). Let a = o + -1864. Is a prime?
False
Let m = -19243 - -12828. Let w = 11081 + m. Is w prime?
False
Suppose 2*z + 4*t = -188244, 7*z - 4*t - 94120 = 8*z. Let w = -65847 - z. Is w a composite number?
False
Let p(l) = -l**2 + 11*l + 12. Let c be p(12). Suppose c = 4*k + 7 + 9. Is 52 + 5 + 8/k prime?
False
Let q(w) be the first derivative of 466*w**3/3 + 8*w**2 + 19*w - 60. Is q(-4) prime?
True
Let k(r) = 55339*r**3 - 2*r**2 + 5*r - 3. Let n be k(1). Let g = n + -14802. Is g a composite number?
True
Let p(j) = -2272*j - 511. Is p(-17) a prime number?
True
Suppose -24*z + 259665 = -669054 - 829473. Is z prime?
False
Let k(i) = 3*i + 128. Let b(y) = y + 1. Let v(w) = 3*b(w) + k(w). Is v(0) prime?
True
Let b = 1558436 + -843247. Is b prime?
True
Suppose -17*f + 5*z = -7731880 + 1861710, 0 = 4*f + 5*z - 1381235. Is f a composite number?
True
Let p be (-3 + 9)*1/1. Suppose -p*u + 26*u - 76660 = 0. Is u a composite number?
False
Let d(n) be the first derivative of 4131*n**2/2 - 8*n - 105. Is d(3) a prime number?
False
Suppose -53 = -p - 49. Suppose p*n - 6301 = 2*v - 3*v, n - 1579 = -v. Is n prime?
False
Let l(v) = v**3 + 18*v**2 - 18*v + 13. Let b be l(-19). Let f be ((-10)/3)/(b/9) + -1. Is ((-4)/(-5))/f - 73488/(-10) a prime number?
True
Let u = -213 + 216. Suppose u*z - 6*z = -2631. Is z prime?
True
Is 4/(-6) + (-7)/((-231)/46981) prime?
True
Let f(s) = -8*s - 13. Let v be f(-2). Suppose -3962 = -v*b + 4*n, -5*b = -0*b + n - 6588. Is b prime?
False
Let y = 318634 + 187225. Is y a prime number?
False
Suppose 5*o + 2*w = 9*o + 2139652, 0 = 3*o - 4*w + 1604729. Is 4/(-3)*o/60 composite?
False
Let w = -13813 - -35642. Is w composite?
True
Let d(w) = 3415*w + 83. Let n be d(13). Is n/154 - (-4)/22 a prime number?
False
Suppose 3218258 + 152009 = 108*m + 544231. Is m composite?
True
Let y(b) = 20*b**2 + b + 24. Let q be y(12). Suppose 0 = -5*x + 8594 + q. Is x a prime number?
False
Let u = 31544 + 19713. Is u composite?
False
Let l = -549991 + 1091120. Is l composite?
False
Let w = 699 - 69